62/(-12))/(45/18)?
331
Let u = 1878 + -1756. Calculate the remainder when 128 is divided by u.
6
Calculate the remainder when 395*((-42)/(-10))/7 is divided by -2 + 13 + 1 + 3.
12
Suppose 6*b - 9*b - 14 = -2*g, 3*g - 10 = -b. Let l(k) = 4*k**2 - k + 5. Let w be l(-4). What is the remainder when (w/b - 2)/((-3)/6) is divided by 20?
17
Let z(t) = -2*t**2 + 99*t - 44. Calculate the remainder when z(29) is divided by 32.
25
Let x = 676 - 455. Suppose -16*b + x = -99. Calculate the remainder when b is divided by 3.
2
Calculate the remainder when ((-12)/108*6)/((-8)/9264) is divided by 12.
4
Let f be 288/30 - 10 - (-6754)/10. Let l = 891 - f. What is the remainder when l is divided by 20?
16
Let c(i) = -11*i**3 - 35*i**2 + 4*i + 20. What is the remainder when c(-4) is divided by 147?
1
Let k = 9 + 28. Let y(x) be the third derivative of -7*x**4/12 - 71*x**3/3 - 229*x**2. Calculate the remainder when y(-18) is divided by k.
36
Let t(y) = -7*y + 3. Let s be t(-3). Suppose -s*q + 2811 = -2157. Calculate the remainder when q is divided by 30.
27
Let d = 6708 + -6148. What is the remainder when d is divided by 281?
279
Let b = -11 + 15. Suppose b*u = -z - 103 + 456, u - 93 = -5*z. Let n = -82966 - -82984. What is the remainder when u is divided by n?
16
Suppose 4*g = l + 252, -8*l = -12*l. Let x = 96 - g. What is the remainder when x is divided by 7?
5
Let a be 0/(-8)*1/2. Suppose -226 = 5*l - a*l - v, l + 46 = v. Let f = l - -61. Calculate the remainder when 62 is divided by f.
14
Suppose 0 = 5*p - 3*t - 128, -5*t = -89 + 94. What is the remainder when 70 is divided by p?
20
Let j(c) = c**2 + 27*c + 56. Let b be j(-25). Let s = 21 + -11. Calculate the remainder when s is divided by ((-10)/b)/(35/(-126)).
4
Suppose -5*n + 7 - 2 = 0, 0 = s - 5*n - 168. Suppose -214 = 649*g - 654*g - m, -2*g - m = -82. What is the remainder when s is divided by g?
41
Suppose -2*d + 6*s = 8*s - 1656, 4*s = 3*d - 2484. What is the remainder when 2214/34 - (-8 + d/102) is divided by 3?
2
What is the remainder when 26 is divided by 456/2432 + 474/32?
11
Suppose 3*j + 74 = 80, -3*v + 2470 = 2*j. What is the remainder when v is divided by 123?
84
Suppose -25*u - 107*u + 385003 = -120953. Calculate the remainder when u is divided by 137.
134
Let w(q) = -q**3 + 16*q**2 + q - 93. Let c be w(6). Let h = 283 - c. What is the remainder when 189 is divided by h?
9
Suppose 0 = -5*c - 15, -4*y + 3*c = -848 - 225. Calculate the remainder when y is divided by 113.
40
Let u(h) = 5*h + 22. Let m(g) = 19*g + 88. Let p(n) = 2*m(n) - 9*u(n). Calculate the remainder when 8 is divided by p(-4).
2
Suppose -9*z - 67*z + 74844 = 5*z. What is the remainder when 1861 is divided by z?
13
Suppose 0 = -34*c + c + 9280 - 3010. Calculate the remainder when 1291 is divided by c.
151
Suppose -4*n + 162 = 3*r, -30*r + 2*n + 296 = -25*r. What is the remainder when 198 is divided by r?
24
Calculate the remainder when (14128/18 - (-36)/(-162))/((-2)/(-9)) is divided by 35.
31
What is the remainder when (-4)/(-2)*(-243441)/(-198) is divided by 5?
4
Let s be 3*-13*(-19)/57. Let m = s + -11. Suppose m*k - 528 = -2*k. What is the remainder when k is divided by 34?
30
Suppose -17*j - 5*j - 3803 = -3935. Calculate the remainder when 3128 is divided by j.
2
Let l be 6/4 - 242/(-4). Suppose -h + 4*t = -71, t + 0*t + l = h. What is the remainder when 114 is divided by h?
55
Let q = -716 - -721. Suppose 3*m + y - 334 - 445 = 0, -1295 = -q*m - y. Calculate the remainder when m is divided by 29.
26
Suppose 6*m = 2*m. Suppose -n + 4*n = m. Suppose 0*b - 3*c = 4*b - 30, n = -b + 2*c + 13. Calculate the remainder when 25 is divided by b.
7
Let m(l) = -18*l + 78*l**2 - 10*l + 14*l - 15. Calculate the remainder when m(-1) is divided by 16.
13
Suppose 0 = 4*t - 0*t + l - 353, 0 = -l - 3. Let i = -64 + t. What is the remainder when i is divided by ((-21)/9 + 3)*21?
11
Suppose -5*s - 375 = -5*a - 2080, 4*s - 2*a = 1360. What is the remainder when s is divided by ((-171)/15)/((-2)/10)?
54
Let i = 5691 - 4315. What is the remainder when i is divided by 51?
50
Suppose -88 = 2*z + 2*z + 5*b, 0 = -b. Calculate the remainder when 1 - z/(-18) - (-3832)/72 is divided by (6 + -11)*1*-3.
8
Suppose a + 6 = 13. Let q = 193 - 132. Calculate the remainder when q is divided by (-2)/a - (-1043)/49.
19
Suppose -96 = -4*n - 76. Suppose -4*y - n*d = -3*d - 652, 4*y = -4*d + 656. What is the remainder when y is divided by 28?
22
Suppose 3*p - 90 = -2*p. Let x = p - -94. Suppose -8*a = -4*a - x. Calculate the remainder when 78 is divided by a.
22
Let l(r) = 5*r + 65. Let s be l(-12). Suppose 66 = w - q, -s*w = -w + 4*q - 272. Calculate the remainder when 132 is divided by w.
65
Let x(w) = -2*w**3 - 14*w**2 + 15*w - 63. What is the remainder when x(-11) is divided by 133?
75
Suppose 0 = 33*y - 31*y + 154. Let x be (-2 - 1 - y/22)*-6. What is the remainder when x/10*-558 - (-36)/(-90) is divided by 34?
31
Calculate the remainder when (7 - (-39)/(-6))*2844 is divided by 468.
18
Let n = 184 + -121. Calculate the remainder when 112 is divided by n.
49
Let v = -1064 + 1672. Suppose -20*w + w + v = 0. What is the remainder when 92 is divided by w?
28
Suppose -23*b + 1601 = -2125. Suppose 2*h + 168 = -2*a, 5*a - 3*a - h = -168. Let x = a - -125. What is the remainder when b is divided by x?
39
Let t = -2967 + 3140. Calculate the remainder when t is divided by 131.
42
Let t = 36299 + -36076. What is the remainder when 792 is divided by t?
123
Let l(f) = 3*f**2 - 39*f + 30. Suppose -26 = -2*p - 5*n, 4*p - 4*n - 63 = -11. What is the remainder when 111 is divided by l(p)?
21
Let q(r) = 2*r**2 - 48*r + 23. Calculate the remainder when q(38) is divided by 52.
47
Suppose -5*i + 1155 = 5*g, -438 = -3*g + g + 4*i. Suppose -2*c - c + f + 185 = 0, 5*c - 275 = -5*f. Calculate the remainder when g is divided by c.
47
Let a(c) = 168*c - 356. Calculate the remainder when a(5) is divided by 127.
103
Suppose 38*q - 2151 = 11681. What is the remainder when q is divided by 49?
21
Let f(n) = -15*n + 454. What is the remainder when 63*(20/6 + -3) is divided by f(30)?
1
Let a = 42 + -48. Let w be 1 + -3 + (-3 + -99)/a. Let g = 42 - w. Calculate the remainder when g is divided by 6.
3
Suppose 0 = -2*j + 5*k + 17, 5*k = -5*j + 40 + 55. Let y(w) = -5*w. Let x be y(-1). Suppose x*q - 39 = 256. Calculate the remainder when q is divided by j.
11
Let f be (-1*1)/(4/(-40)). Suppose 0 = -53*o + 55*o - f. Calculate the remainder when o is divided by (4/(-8) + 1)*(4 + 0).
1
Suppose 2*u + 3*a = 523, 4*u - 203 - 878 = a. Let w = u - 249. Calculate the remainder when 116 is divided by w.
16
Calculate the remainder when (((-60)/(-3))/5)/(188/3149) is divided by 35.
32
Let t = -79 - -45. Let a = t + 40. Suppose 4*c = a*c + 4*o - 12, 4*o = 5*c - 86. What is the remainder when 53 is divided by c?
11
Suppose -3*u + 3054 = 2673. What is the remainder when u is divided by 33?
28
Suppose 0 = -47*z + 53*z - 42, -5*i - 3*z = -3441. What is the remainder when i is divided by 239?
206
Calculate the remainder when 291 is divided by (-4)/10 - 22896/(-240).
6
Suppose 0 = -14*h + 46 - 18. Suppose 4 = h*t - t. What is the remainder when 34 is divided by t?
2
Let p = -164 - -272. Let g = p + -108. Suppose 5*s - 122 - 58 = g. Calculate the remainder when s is divided by 20.
16
What is the remainder when 50 is divided by 42 + 3 + 119/(-17)?
12
Let m(f) = -f**2 + 25*f - 20. Let c be m(24). What is the remainder when 43 is divided by c/14 + (-1)/((-28)/468)?
9
Let o(m) = m**3 + m**2 + 1. Let f(q) = 2*q**3 + 8*q**2 + 4*q - 5. Let t(l) = f(l) - o(l). What is the remainder when t(3) is divided by 25?
21
Suppose 2*u = 17*r - 16*r - 18, 0 = -3*r + 2*u + 38. What is the remainder when 7036 is divided by r?
6
Let a(y) = y**3 + 36*y**2 + 284*y + 82. Calculate the remainder when 710 is divided by a(-24).
176
Calculate the remainder when 327 is divided by -6 + (9 - 20) + 29.
3
Let l = 31005 - 23766. What is the remainder when l is divided by 17?
14
Let h = -12404 + 16001. Calculate the remainder when h is divided by 36.
33
What is the remainder when 4012 is divided by -10 - -19 - ((-36)/(-9) - -1)?
0
Suppose -21 = -5*c + 19. Suppose -4*q + 12 = -c. Calculate the remainder when (76/(-304))/(3 - 1298/432) is divided by q.
